d.
9
Suppose -5*v - 2*a + 23 = 0, 3*a - 38 = 2*v - 32. Suppose 3*d + v*p - 181 = d, 5*d - 4*p - 441 = 0. Calculate the remainder when 351 is divided by d.
84
Suppose -30 = -0*h + 6*h. Let r(g) = -g**3 - 5*g**2 - 3*g. Let a = -509 + 598. Calculate the remainder when a is divided by r(h).
14
Let y(v) be the third derivative of -v**4/8 + 119*v**3/6 - 14*v**2 + 1. Calculate the remainder when 83 is divided by y(34).
15
Let b be 44/5 + (-4)/(-80)*4. Suppose b*o - 4*o = 195. Calculate the remainder when 190 is divided by o.
34
Suppose 918*x = 933*x - 64845. What is the remainder when x is divided by 23?
22
Let w = -731 + 744. Suppose 0 = r + w - 9, 3*r = 5*j - 452. What is the remainder when j is divided by 45?
43
Let i = 2363 - 1408. Calculate the remainder when i is divided by 10.
5
Let g = -8778 - -9173. Calculate the remainder when 396 is divided by g.
1
Let m = 363 + -255. Let d = 187 - m. Calculate the remainder when d is divided by 37.
5
Let x(o) be the first derivative of 2*o**3 + 5*o**2/2 + 4*o + 560. Let q = -7 + 4. Calculate the remainder when 82 is divided by x(q).
39
Suppose 0 = 2*y + 15*y. Suppose 3*s = 2*f - 68, s = -y*s - 2. Suppose -7*b = -2*b - 90. What is the remainder when f is divided by b?
13
Let i(y) = y**3 - 6*y**2 - 2*y + 2. Suppose 2*t - 1274 = 2*k, -9*t - 5*k = -8*t - 637. Let p = t - 617. Calculate the remainder when i(7) is divided by p.
17
Let w(m) = -m**2 - 84*m + 849. What is the remainder when 164 is divided by w(9)?
8
Suppose 249 = 14*c - 3. Suppose 30*o = 28*o + 142. Calculate the remainder when o is divided by c.
17
Let n(x) = 2*x**3 - 21*x**2 - 6*x - 41. Calculate the remainder when 39 is divided by n(11).
11
Let l = 151 - 154. Let c(i) = 8*i**2 + i - 12. What is the remainder when c(l) is divided by 16?
9
Let c = -546 - -555. Suppose -u + 4*k = -255, -3*u - c*k + 850 = -4*k. What is the remainder when u is divided by 31?
27
Suppose -4*x + 2*a + 580 = -454, 2*a - 765 = -3*x. Let i = -52414 + 52427. Calculate the remainder when x is divided by i.
10
Let k = -21708 + 21720. Calculate the remainder when 10653 is divided by k.
9
Let q(f) = f**3 + 24*f**2 + 672*f + 14213. Suppose -h + 4*r + 41 = -0*h, -3*h + 2*r = -163. Calculate the remainder when q(-22) is divided by h.
55
Let r be (-4)/(-12) - (15/(-9))/1. Suppose -4*g + 203 = 4*j - 3*g, -100 = -r*j - 2*g. Let v = j - 21. Calculate the remainder when v is divided by 11.
8
Calculate the remainder when 1214 is divided by (1*-40)/(-5) - (-27 - -22).
5
Suppose 88 = 12*l - 200. What is the remainder when 97 is divided by l?
1
Suppose 777 = 3*d - 8*o + 11*o, 4*d = 5*o + 1081. Calculate the remainder when 144 is divided by 6*6/(-234) - d/(-26).
4
Suppose -5*m = 2*n - 21, -3*n + 8 - 2 = -m. Suppose 0 = m*u - 25 - 2. Calculate the remainder when 122 is divided by u.
5
Calculate the remainder when ((-1)/(-3))/((-263)/(-466299)) is divided by 73.
7
Let h be (-1)/(-1)*((-11)/(-1) + -4). Suppose -3*y + h*y + 567 = 5*v, -4*v + 468 = 4*y. What is the remainder when v is divided by 34?
13
Let y = -344 + 59. Let b = -268 - y. What is the remainder when 67 is divided by b?
16
Let b = 84 - 80. Suppose -b*g - 23 = -87. Calculate the remainder when -9*(0 + 20/(-6)) is divided by g.
14
Let m = -1059211 - -1059231. Let b = 82 + -10. Calculate the remainder when b is divided by m.
12
Suppose 0 = 29*v - 21 - 66. Suppose -9 - 186 = -v*p + 4*d, -5*p - 5*d + 325 = 0. Calculate the remainder when p is divided by 56.
9
Let a = 54 + -38. Let w(k) = -k**3 - 38*k**2 - 59*k - 807. What is the remainder when a is divided by w(-37)?
2
Let g = -1826 - -1863. What is the remainder when 123 is divided by g?
12
What is the remainder when 147 is divided by 27*(129/(-9) + 15)?
3
Let w = 101 + -87. Suppose -w*j + 634 = 130. Calculate the remainder when 105 is divided by j.
33
Let m be 9 - 5/((-15)/444). Let n be (59/2)/(1/(-2)). Let q = n + m. Calculate the remainder when q is divided by 17.
13
Let n = -278 - -349. Let s = -42 + n. What is the remainder when 112 is divided by s?
25
Let a be (-64)/(-24) + 4/(-6). Suppose 8*d + a*d = 20. Suppose -5*k + 490 = d*k. Calculate the remainder when k is divided by 24.
22
Suppose 9251 = 67*b + 876. What is the remainder when 26497 is divided by b?
122
Suppose -3*j - 531 = -132. Let z = -131 - j. Suppose 2 = 5*d - 28. Calculate the remainder when d is divided by z.
0
Let d = 0 + -3. Calculate the remainder when -3 + (7 - -4) - (-432)/(24 - 12) is divided by ((-1)/3)/(d/207).
21
Suppose -39*a + 30137 + 10891 = 0. What is the remainder when a is divided by 268?
248
Suppose 29*b - 5360 - 295 = 0. Calculate the remainder when b is divided by 14.
13
Let k be 62/5 + 2/(-5). Suppose 0 = g - 74 - k. Suppose i + n - 29 = -i, i + 5*n = -17. What is the remainder when g is divided by i?
14
Let z = -366 - -959. Calculate the remainder when z is divided by 9.
8
Let d(u) = 2*u**3 - u**2 + 3*u - 3. Let v be d(2). Suppose 2*q + y + 10 = -y, v = -q + 4*y. Calculate the remainder when (-201)/(-6)*(-5 - q) is divided by 14.
11
Let q = 65 - 44. Suppose 6*s - 3*s = -2*j + q, 3*j = -5*s + 34. What is the remainder when (j - -1) + (1 + 1 - -9) is divided by 8?
7
Suppose -4*g = 12*l - 132, -184 = -3*g - 3*l - 55. Calculate the remainder when 4316 is divided by g.
44
Suppose -2*s + 86 = 23*r - 13*r, 5*s = -4*r + 47. Calculate the remainder when 1013 is divided by r.
5
Calculate the remainder when -2*(8 - (-226)/(-4)) is divided by 21.
13
Let x = 18862 - 13720. What is the remainder when x is divided by 62?
58
Calculate the remainder when (-3 - 29473)/(-3 + -6 + 6 + 1) is divided by 110.
108
What is the remainder when 306 is divided by 36/81 - (-896)/9?
6
Let v(x) = 146*x**2 + 244*x + 2176. Calculate the remainder when v(-9) is divided by 72.
70
Suppose 0 = -4*t - 2*u + 4980, -4*t + 229 = -u - 4757. What is the remainder when t is divided by 66?
58
Suppose -13 = -2*q + 31. Let x = -68835 + 68836. What is the remainder when q is divided by x?
0
Let g = 2502 + -2493. Calculate the remainder when 1500 is divided by g.
6
Let z(y) = -y**3 + y**2 + y + 31. Let j = -14 + 89. Suppose 2*v = 3*u - j + 17, 22 = 2*u + 2*v. Calculate the remainder when z(0) is divided by u.
15
Let r be (-3184)/(-32) + (-2)/(-4). Let n = 46 - r. Let l = -24 - n. What is the remainder when 85 is divided by l?
25
Let u(k) = k**3 + 7*k**2 + 2*k + 5. Let r be (52/8 - 5)*74. Let b = r - -89. What is the remainder when b is divided by u(-6)?
26
Let j be 28/(-8) + (5/(-2))/(-5). Let l be j*(-2 + 3)*(-3)/(-3). Calculate the remainder when 33 is divided by (-7)/(-1) + l + 5.
6
Let i(q) = 17*q**2 - 10*q**2 + 0*q + 28*q - 12*q + 27*q + 135. What is the remainder when i(-3) is divided by 10?
9
Suppose -5*v + 141 = -4*c, -v = -39*c + 41*c - 31. Let g = 218 - 133. What is the remainder when g is divided by v?
27
Let o = -42 - -36. What is the remainder when 99 is divided by o/((-36)/10)*18/5?
3
Suppose -m = -13*m + 3012. Let j = m + -192. Let k = -23 - -38. Calculate the remainder when j is divided by k.
14
Let b(z) = 40*z**2 - 877*z - 45. Calculate the remainder when 6131 is divided by b(22).
20
Calculate the remainder when ((-36)/24)/(1/(-40)) is divided by 35.
25
Let c = -4579 - -10983. Calculate the remainder when c is divided by 105.
104
Let u(o) = o**2 - 2*o - 2. Let k = 1756 - 1709. Calculate the remainder when k is divided by u(-2).
5
Let k be (-12)/(1 + (-66)/78). Let l = 76 + k. What is the remainder when ((-44)/6 - -8)*(-411)/l is divided by 35?
32
Suppose -64 = 3*x + 11. Let u = -208 - x. Let j = u + 333. Calculate the remainder when j is divided by 51.
48
Suppose -13259 = -282*h + 3379. Calculate the remainder when 1355 is divided by h.
57
Let y(z) = -z**3 + 6*z**2 - z + 4. Let p = 1052475 + -1052472. Calculate the remainder when y(5) is divided by p.
0
Let j = -1110 + 1124. What is the remainder when j is divided by -6 - -12 - 2/1?
2
Let o = -12 - -19. What is the remainder when o is divided by (-98)/35*(-1290)/516?
0
Let b(r) = 2*r**2 - 4. Let m be b(2). Suppose -7*k + 5*k + f + 9 = 0, -4*k - m*f = 0. What is the remainder when ((-40)/14)/((-18)/63) is divided by k?
1
Suppose 0 = 3*a - 35 - 28. Suppose 2*w - 42 = -5*k, 18 = w + 71*k - 69*k. What is the remainder when a is divided by w?
3
Let h = 306 + -282. Suppose 2*